 + 6. Let c(x) be the second derivative of x**2 + 14*x + 0 - 2/3*x**3 + 1/12*x**4. Calculate c(n).
2
Let p(l) = -2*l + 4. Let u = 1047 - 1056. Give p(u).
22
Let k(p) = -3*p - 5. Let l(t) = -15*t - 22. Let q(g) = 11*k(g) - 2*l(g). Give q(-5).
4
Let t = -259 + 250. Let m(b) = b + 12. What is m(t)?
3
Let w = 3399 + -3390. Let q(z) be the second derivative of z**3/3 - 13*z**2/2 - z. What is q(w)?
5
Let z(p) = p**2 - 1. Let w(n) be the third derivative of n**5/15 - n**4/12 + n**3/6 - 3*n**2. Let l be w(1). What is z(l)?
8
Let y(h) = -222*h + 1. Let m be y(-2). Let w(n) = -443 + m + n - 2*n. Calculate w(7).
-5
Let h(o) = -o - 9. Suppose -3*v = 3*m - 87, m - 3*v + 53 = 3*m. Let j = 28 - m. Let i be h(j). Let z(l) = -3*l + 2. Give z(i).
11
Let p = -1031 + 1035. Let s(w) be the first derivative of -4 + 2*w**3 - 7*w + 1/2*w**2 - 1/4*w**p. Calculate s(6).
-1
Let p = 3 - 6. Let z(n) = n**2 - n + 6. Let m(q) = 23*q**2 - 47*q**2 + 5 + 25*q**2. Let k(i) = -4*m(i) + 3*z(i). What is k(p)?
-2
Let k(h) = h**3 + 4*h**2 + 2*h. Let a be k(-3). Let t(p) = 17 - 8 + p + a*p - 3*p. Give t(-7).
2
Let d(s) = s**2 + 7*s + 7. Let y be -5*(-9)/(225/70). Suppose -y = i + i. Give d(i).
7
Let m = -18 - -20. Suppose -9 = -m*g - 5. Suppose -4*d = -10 + g. Let q(v) = -2*v**2 + 2. Give q(d).
-6
Let j(d) = d**2 - 5*d + 11. Let s(o) = -2*o**2 + 11*o - 20. Let i(x) = 5*j(x) + 3*s(x). What is i(6)?
7
Let l(i) = i - 6. Let a(k) = k**3 + 15*k**2 - 15*k + 14. Suppose -5*p = -27 + 107. Let g be a(p). Let b = g + 2. What is l(b)?
-6
Let h be (-84)/(-35) - 3/(-5). Suppose -h*c + 2 = 5*r - 4, 0 = -4*c + 8. Let g(z) = r*z + z + 4*z + 1 - 4*z**2 + 3*z**2. What is g(6)?
-5
Let l(x) = x - 3. Let p be l(11). Suppose -4*m + 5*q = 11 + 4, p = -m - 3*q. Let o(j) = 5*j + 5. Give o(m).
-20
Let a(g) = -g**2 + 7*g - 4. Let y be a(5). Let k(d) = -3*d + 2*d - d**3 - 13 + d**2 + 5*d**2 + 18. Determine k(y).
-1
Let d(y) = y + 3. Suppose 4*z + 0*k = -3*k - 11, -3*z - 2 = -4*k. Let c(l) = l + 2. Let s be c(z). Suppose s = -3*g + 9 - 27. Determine d(g).
-3
Let c(i) = i + 13 + 789*i**3 - 1575*i**3 + 783*i**3 - 33*i**2. What is c(-11)?
2
Let a(d) = -9*d. Let t(c) = -c**3 - 13*c**2 - 13*c - 1. Let y be t(-12). Suppose 0 = -0*q + q - 2*w + 5, 0 = -2*q - 3*w + y. Determine a(q).
-9
Let y(s) be the third derivative of 1/20*s**5 - 2 + 1/6*s**3 + 1/12*s**4 + 0*s - 6*s**2. Give y(-2).
9
Let f be (-3 - -1)*6/(-4). Let y(u) = u - 2. Let b(w) = -w + 2. Let a(i) = f*y(i) + 2*b(i). Let x be 256/40 + (-2)/5. What is a(x)?
4
Let q(f) be the third derivative of 0*f + 0 - 1/2*f**3 - 17*f**2 + 1/24*f**4. Calculate q(0).
-3
Let i be 1*(2 + (6/3 - 4)). Let g(r) be the second derivative of 1/4*r**4 + 1/2*r**3 + 6*r + 0 + i*r**2 - 1/10*r**5. Give g(3).
-18
Let c(u) be the second derivative of -4*u**3/3 + 33*u**2/2 + 8*u - 2. What is c(6)?
-15
Let d be (-4)/16 + 451/(-164). Let x(r) = -9*r - 13. Let s(f) = 5*f + 7. Let c(o) = -7*s(o) - 4*x(o). What is c(d)?
0
Let t(b) = -22 - 5 + 6*b + 18. Give t(5).
21
Suppose -3 + 12 = 3*c. Let d = c - 1. Let i(u) be the first derivative of 3*u**2 - 3*u - 86. Give i(d).
9
Let z(q) = -16 + 13*q - 19*q + 9*q. Let w be z(6). Let a(t) be the third derivative of -t**5/20 + t**4/6 - t**3/2 - 4*t**2. Calculate a(w).
-7
Let j(d) = -5*d - 1. Let m(k) = 28*k + 13. Let p(g) = 6*j(g) + m(g). Give p(9).
-11
Let t(q) = 2*q**3 + 8 - q**3 - 9*q**2 - 6*q - 2*q**3. Let k(x) = x**2 + 14*x - 22. Let r be k(-15). Let l be r/3 + (-10)/15 - 5. Calculate t(l).
-8
Let r(w) = -5*w + 1. Suppose 12*v - 54 = 9*v. Let b be ((2/(-6))/((-6)/v))/1. Calculate r(b).
-4
Let o(z) = z**3 - 7*z**2 - 8*z - 2. Suppose 2*x - 2*s = 3*s + 19, -3*x - 3*s = 3. Suppose u - 14 = -2*v, -v - 31 = -5*u + x*v. Determine o(u).
-2
Let k(c) = -c**3 - 60*c**2 - 275*c - 15. Let y be k(-55). Let j(p) = p**3 + 13*p**2 - 30*p + 3. What is j(y)?
3
Let b(n) be the second derivative of -1/10*n**5 + 0*n**3 + 0*n**4 + 0 - 1/2*n**2 + 31*n. What is b(-1)?
1
Let t(h) = -h**3 + h**2 + h + 1. Let y(l) = -l + 1. Let w(s) = -4*s. Let p(o) = w(o) - 3*y(o). Let a be p(-4). Suppose -v + a = -2*v. What is t(v)?
2
Let h(a) be the second derivative of -a**5/120 - a**4/8 - a**3/6 - 2*a. Let f(j) be the second derivative of h(j). Calculate f(5).
-8
Let t(u) be the second derivative of u**5/120 - u**4/3 - 5*u**3/6 + 20*u. Let w(b) be the second derivative of t(b). What is w(6)?
-2
Suppose -l + 1 = 24. Let k = 28 + l. Let n(r) = -r**3 + 5*r**2 + r - 2. Calculate n(k).
3
Let n(v) = -v + v + 5*v - 3. Suppose 2*f = 4*m + 2, 2*f + 0*f = -10. Calculate n(m).
-18
Let q(y) = 2*y**3 + 28*y**2 + 90*y + 2. Let n be q(-9). Let t(h) be the first derivative of 4*h + 2*h**n - 8 + 2/3*h**3. What is t(-3)?
10
Let t(w) = -20*w + 16*w + 8*w + 5 - 2*w**2. Let j = 99 - 95. Give t(j).
-11
Let s(m) be the third derivative of m**4/24 + 3*m**3/2 - 616*m**2. Let i(o) = -o**2 + o + 2. Let q be i(-1). Give s(q).
9
Let p(x) = -x**2 + 9*x - 17. Let l be 245/15*24/56. Calculate p(l).
-3
Let x(c) be the first derivative of -c**3/3 + 4*c**2 + 5*c - 764. Calculate x(6).
17
Let x(u) = -u - 6. Let f = 7 - -10. Suppose 0*o - 5*m = -3*o + 111, -o + 20 = 4*m. Suppose -4*y + o = 4*l, -2*l - 2 - f = -5*y. Calculate x(y).
-11
Let v(g) = -g**3 + 4*g**2 - 3*g + 1. Let q be v(2). Let n(j) be the second derivative of -j**2 + 0 + j + 1/2*j**3. Calculate n(q).
7
Let f(n) be the second derivative of -n**5/120 + n**4/8 + n**3/2 + 12*n. Let t(u) be the second derivative of f(u). Give t(7).
-4
Let t(i) = -i**2 + 3. Suppose 0 = -s - 0*s - 2, 23 = 3*m - 4*s. Let j(b) = 2*b**2 - 9*b + 1. Let h be j(m). Suppose -h*u + 15 = -u. Calculate t(u).
-6
Let y(s) = -2*s - 1. Suppose -9 = -a - 3*k + 36, 2*a + k = 115. Suppose -4*d = -4*m + a, 4*m + 0*d = -2*d + 66. Let i be 6/(-8) + 44/m. Calculate y(i).
-5
Let z(s) = 17*s - 3. Let t be 4/(-22) - 180/(-22). Let r(q) = -6*q + 1. Let a(u) = t*r(u) + 3*z(u). What is a(4)?
11
Let l(h) = 4*h - 4. Suppose -5*s - 3*d = -5*d - 150, 5*s - 150 = -d. Suppose 3*c - s = 15. Let p be 120/c - (3 + 0). Determine l(p).
16
Let r be (-80)/12*(-9)/6. Let o be (-9)/(-5) + 2/r. Let x(u) = -3*u - u**3 - u + u**2 - 1 - 2*u + 5*u. Determine x(o).
-7
Let r(j) = 3*j - 6. Suppose 0*k + 5*k - 15 = 0. Let s be r(k). Let y(o) = -90*o**2 + 3*o - 2*o**3 + 3*o**s + 87*o**2 - 6*o. Give y(4).
4
Suppose -j + 23 = -4*l + 4*j, l - 4 = -2*j. Let s be (-7)/l*2/(-1). Let n(g) = 49 + g + 16 - 64. Give n(s).
-6
Let f(z) = -z**2 - 1. Let t(g) = g**3 + 2*g**2 - 5*g - 5. Let i be t(-3). Let x(q) = 3*q**2 - 3*q + 6. Let s(l) = i*x(l) + 2*f(l). What is s(4)?
8
Let h(a) = 59*a - 2 - 2 + 1 - 58*a. Calculate h(-6).
-9
Let n(r) = -r**2 + 7*r + 1. Let y(p) = -p**3 - 2*p**2 + 3*p + 2. Let v be y(-3). Let x(m) = -7 - 4 + 3*m - v*m + 4. Let d be x(13). What is n(d)?
7
Let b(q) be the third derivative of -q**5/60 - q**4/12 + q**3/6 + 54*q**2. Let m(d) = -d**2 + d + 1. Let p be m(0). Give b(p).
-2
Let i(h) = h**3 - 8*h**2 + 17*h - 7. Suppose -52*w + 58*w = 30. Let v be i(w). Let k(y) = -y**2 + y. Give k(v).
-6
Let y = 1 + -19. Let s be y/(1 + 2)*1. Let t be 2/s - (-14)/(-3). Let m(a) = 2*a + 5. Calculate m(t).
-5
Let i(f) = -2*f + 5. Suppose 110 = 6*s + 5*s. What is i(s)?
-15
Let s(c) = -12*c**3 + c - 6. Let y(p) = -5*p**3 + p - 3. Let n(x) = -2*s(x) + 5*y(x). Suppose 21 = -5*d + 6. Determine n(d).
15
Suppose 3*r - 2*m + 17 = 25, m - 1 = -r. Let q(d) be the third derivative of 1/2*d**3 + 0 - 2*d**2 + 1/120*d**6 - 1/6*d**4 + 0*d**5 + 0*d. Calculate q(r).
3
Suppose -b = 4*j - 6, 7*b + 5*j = 4*b - 3. Let t(w) = -w**2 - 7*w + 1. Calculate t(b).
7
Suppose -2*z + 28 = 2*i, -35 = -5*z - 4*i + 6*i. Let s(a) = -a**3 + 10*a**2 - 7*a - 15. Give s(z).
3
Let p(m) = m**2 - 5*m - 384. Let r be p(22). Let g(y) = -y**2 - 8*y + 18. Calculate g(r).
-2
Let w = -1005 - -1006. Let f be -1*(-4)/6*3. Let z(u) = 2*u + u**3 - f*u**2 - 2*u + u. What is z(w)?
0
Let k(n) = 5*n**3 - 14*n**2 + 5*n - 6. Let m(p) = p + p**2 + 94*p**3 - 95*p**3 + 0*p**2. Let c(y) = k(y) + 4*m(y). Determine c(9).
-6
Let f(y) = -y**3 - 2*y + 1103*y**2 - 1101*y**2 + 6*y + y. Give f(4).
-12
Let d be -1 + 0/2 - 3. Suppose -5*i = -2*i - 9. Let j(h) = -27*h**3 + 4*h**2 + 2 - 2*h**2 - 5*h + 28*h**i. Give j(d).
-10
Let m(c) = -c**2 - 7*c + 12. Let p(k) = -k**2 - 5*k + 5. Suppose 2 = 3*a + z, 0*z - 4*z = 